(1 - 0)?
3
Evaluate 0 + -21 + (-8 - -19).
-10
Evaluate 3 + (0 - -3) + -1 + -4.
1
Calculate -3 + -3 + -2 - (-86 + 81).
-3
2 - -5 - 1 - 3
3
What is 1 + (-3 - 1 - -4)?
1
What is the value of -16 + 10 + 4 + 0?
-2
Evaluate 50 + -55 - (3 + -2 - 3).
-3
Evaluate (6 + -2 - 4) + -5.
-5
Evaluate 5 + -1 + (-9 - -3).
-2
-2 - ((7 - 5) + -4 - 4)
4
Evaluate 1 + (3 - -1 - 6) + 4.
3
(-4 - (4 + -4)) + 12
8
What is the value of 3 + (-11 - -4) - (2 - 9)?
3
What is -4 - (2 + 3 + -5) - -6?
2
What is the value of -2 + (10 - (17 - 9))?
0
6 - (1 - (3 + 3 - 11))
0
4 + (-5 - (2 + -3 + 6))
-6
What is 2 - 4 - (6 + -12)?
4
(1 - (-5 + 5)) + 2 - -4
7
Calculate -4 + (8 - (-4 - -4)).
4
-6 - (-7 + 1 + 7 - 3)
-4
What is 4 - 1 - (15 - 6 - 4)?
-2
Calculate 19 + -7 - 25 - -9.
-4
(-10 + 4 - -4) + 1 + 0
-1
Calculate -4 + (9 - (2 - -3)) + -6.
-6
-3 + (2 + -2 + 0 - -6)
3
What is (-2 - (4 - 9)) + -1?
2
Calculate 4 + (-5 - 1) + 4 + 0.
2
What is 2 + (-2 - (10 + -5))?
-5
3 + 2 - (-44 + 46)
3
(1 - (1 - 1) - 3) + 10
8
Evaluate -2 + (0 - (0 + 1)) + 2.
-1
What is 2 - (-8 + 2 + 2 + 11)?
-5
Evaluate 1 + (0 - 1) + 7.
7
Calculate 7 + (4 - -7) + -19.
-1
0 + 1 + -12 + 13 - 1
1
What is the value of -4 - -1 - (-20 + 15)?
2
What is the value of 5 + (6 - (-1 - -10)) + -2?
0
What is (3 - 11 - -6) + 2?
0
(0 - -1) + -2 + 3
2
What is (-4 - 10) + 5 + 11?
2
-11 - -12 - (-3 - -5)
-1
Calculate 3 + 0 - (29 + -30).
4
What is (1 - (0 - (-2 - -3))) + -7?
-5
What is (-1 - -10) + (0 - (-6 - -12))?
3
Calculate 3 + (2 - -1 - 3) + -6.
-3
What is 0 + -4 + (17 - 19) - -6?
0
What is 6 - (7 + -5 + -4)?
8
-8 + 8 + 5 + 0 - 2
3
What is the value of 1 + 0 + -6 + 4?
-1
Calculate 13 - 4 - (5 + 1).
3
What is 2 + (2 - 9 - (-4 + 1))?
-2
Calculate 2 + -8 - (-7 - -1).
0
What is the value of (-1 - -2) + 11 + -19 + 9?
2
What is the value of 8 + -4 + 5 + -4 + 0?
5
What is the value of -3 + (0 - (3 + -4)) - -9?
7
What is the value of -4 + 1 + 4 + -1 + 0?
0
Calculate -1 + 10 - (15 - 13).
7
(-2 - (-2 - 3)) + -3 - -4
4
Evaluate (1 - 5) + (11 - 3) + -12.
-8
What is (2 - 3) + -1 + -1 + 2?
-1
What is the value of 5 - (-4 + 10 - -4)?
-5
Calculate -1 - -5 - (-2 - -3).
3
What is 2 + -4 + (7 - 4 - 1)?
0
Calculate 11 + (11 - 12) + -9.
1
What is 3 - (-2 - (6 + -9))?
2
What is 12 + -16 + (4 - -2)?
2
What is the value of -5 + 23 + -7 + -9?
2
Calculate 7 + (6 + -1 - 4).
8
What is the value of -4 + (1 - -8) + 0?
5
What is 2 + -14 - (-37 - -31)?
-6
What is the value of -4 + 0 + -7 + (3 - 0)?
-8
(-1 - 2) + (-9 - -10)
-2
What is the value of -3 + -3 + (9 - -2)?
5
Calculate (3 - 1) + (-7 - (-12 - -5)).
2
Calculate (-3 - 0) + (-6 - (-12 - -6)).
-3
What is the value of 2 - 9 - (-72 - -73)?
-8
What is -2 - (0 + 9 + -4 + -2)?
-5
Calculate -4 - ((-2 - (-2 - 1)) + -6).
1
What is 8 + (8 - (6 - 4) - 3)?
11
What is the value of -1 - -5 - (-3 + 1)?
6
Evaluate -7 + 0 + 15 + -4.
4
Evaluate -3 + (7 - (4 + -2)).
2
Evaluate -19 - -24 - (-1 + 0 + 3).
3
What is -1 - 3 - ((3 - 0) + -9)?
2
-5 + (-7 - -7) - -9 - -2
6
Evaluate -3 + (0 - (0 + -8)) - 6.
-1
12 + -12 + 4 + 7
11
-11 + 18 + -11 - -1
-3
Calculate (-8 - 1) + 2 + 10.
3
-1 - (-5 + -3 - -4)
3
Calculate 0 + 7 + (49 - 57).
-1
Calculate -2 - (-2 + 0 + -1 - -2).
-1
-4 - (-2 - ((12 - 6) + -1))
3
Calculate (-5 - -3 - -5) + 0.
3
10 + 9 + -13 - (12 + -2)
-4
Evaluate (-12 - -10 - (0 + -2)) + -1.
-1
-9 + (5 - (-2 - 1 - -9))
-10
Calculate -12 - (2 + -6 + -5).
-3
What is the value of (-1 - 0) + -3 - (-41 - -42)?
-5
(11 - 18) + (-2 - -3)
-6
What is -1 + 2 + -1 + 5?
5
Calculate -5 - 3 - (-1 - 3).
-4
7 + (15 + -2 - 9)
11
Evaluate 16 + -4 - 9 - 8.
-5
What is the value of (5 - (6 - 3)) + 1?
3
-1 + 4 - (120 + -111)
-6
What is -6 + 12 - (2 + -2)?
6
Evaluate 1 + -5 - -5 - -2.
3
Evaluate 1 - (-3 - ((5 - 3) + -5)).
1
What is (0 - 10) + 1 - -15?
6
Calculate -7 - -12 - (12 + -4).
-3
What is the value of (-6 + 4 + 1 - 0) + 2?
1
What is 4 + -1 - 6 - 0?
-3
What is 3 + -9 + -2 + 6 - 6?
-8
What is (3 - -2) + -3 - (-2 + 1)?
3
What is 87 + -78 + (-4 + 0 - 0)?
5
18 + -25 + 12 - 12
-7
What is the value of 0 + (4 + -4 - -2)?
2
Evaluate (38 - 43) + 7 + -1.
1
-3 + (6 - 3) + 4
4
What is the value of (-8 - -6) + (4 - (-2 + 4))?
0
What is (-6 + -8 + 12 - -1) + 5?
4
(4 - 15 - -5) + 1 + 2
-3
Evaluate -2 + 2 - (4 + -6 - 0).
2
What is -2 - (25 + -25 - (-2 + -1))?
-5
What is the value of 2 + 0 - (24 - 28)?
6
What is the value of 0 + (-6 - 1) + 5?
-2
What is -1 + (-6 - (-3 + 2))?
-6
What is the value of 37 - 33 - (10 + -1) - 1?
-6
Calculate (-2 - -2) + -14 + 17.
3
What is the value of -3 + 3 + -13 + 7?
-6
What is 12 + (0 + -8 + 4 - 0)?
8
What is (-7 - -3) + 1 + 5?
2
What is -7 + 4 + 4 - -2?
3
(-2 - 1) + 6 + -3
0
Evaluate 9 + (-1 - 6) + (-2 - -4).
4
-4 + 3 + 1 + -5
-5
What is the value of 11 - 6 - (-1 - -1)?
5
What is the value of 4 + (-1 + 2 - 4)?
1
3 + 1 + 0 + 4 + -7
1
Calculate -2 + 1 + (-7 - -8).
0
Calculate (-3 + 2 - 3) + 8.
4
What is -63 + 70 - (12 + -1)?
-4
(-6 - 0) + (-8 - -12)
-2
Calculate 0 + 1 - (-2 - -1 - 0).
2
What is -1 + 4 + 1 + -1 - 1?
2
Calculate -7 + (4 - (-5 - -5 - -1)).
-4
What is -3 + (0 - 2) + 6?
1
What is the value of 1 + -5 + -15 + 20 + -4?
-3
(0 - 3) + (2 - (-11 - -4))
6
0 + -1 - (-4 + (0 - 2))
5
58 - 61 - ((-2 - -3) + -12)
8
What is the value of 3 + -10 + 2 + 5 - 4?
-4
What is (-1 - 0) + (-4 - -12) + -4?
3
What is the value of (-2 - 9) + (35 - 27)?
-3
What is the value of (12 - (2 - -4)) + -3 + -9?
-6
-12 - -20 - (-1 - -5)
4
What is the value of (-7 - -5) + 4 + -1?
1
-5 + (3 - (0 + -1))
-1
What is (4 - (0 - 0)) + 0?
4
What is the value of -6 - (-2 + -3 + (-3 - -6))?
-4
Calculate 6 + -9 - (0 - 0 - 2).
-1
What is the value of 5 + (-17 - (8 + -15))?
-5
Calculate (-2 - -6) + -1 + (-3 - -3).
3
What is the value of -1 - (0 + -4) - (-7 - -15)?
-5
What is -1 - (-3 - (-2 - 2)) - -3?
1
Calculate -8 + 6 - (-2 - 0).
0
Evaluate -7 - ((6 - 3) + -10).
0
Calculate (2 - -2) + (5 - 7) - 2.
0
Evaluate 3 + 4 + -13 + 6.
0
-3 + 1 + 10 + -3
5
Evaluate -1 + (-4 - (0 + -9)) + -9.
-5
What is the value of 10 + (-7 - -2) + -3?
2
0 + -7 + -8 + 12 + -4
-7
What is -2 + (4 - (6 - 1))?
-3
What is (17 - (4 + 5)) + -14?
-6
Calculate -6 + 4 - -11 - 5.
4
-3 + (8 - 3 - (8 - 6))
0
(0 - 3) + 3 - (60 - 58)
-2
Calculate (-2 + 5 - (-2 - 1)) + -1.
5
What is the value of 4 + (0 - -1) + -4?
1
1 - (-6 + 10 - 9)
6
What is -2 - 0 - -4 - (2 + 1)?
-1
What is (5 - 2) + -2 - (-49 - -46)?
4
Calculate (-2 - 3 - (0 - 0)) + 9.
4
What is the value of 5 + (2 - 2) + -4?
1
What is (1 - ((-3 - 0) + 0)) + -5?
-1
Evaluate -2 + (5 - 0 - (3 + -3)).
3
What is the value of -6 - (6 + (-9 - 4))?
1
-3 - (3 - 2) - -3
-1
Evaluate (4 - (-5 - -3)) + 2.
8
What is the value of (-5 - 0) + 1 - (-7 - -7)?
-4
What is (-2 - (0 + -5)) + -3?
0
Evaluate -3 - (-2 + 3 + -7) - 1.
2
What is the value of -11 - 0 - (76 + -87)?
0
What is the value of -2 + -1 + 1 - (-27 - -28)?
-3
What is (-89 - -89) + (-1 - 2) + 1?
-2
Calculate -2 + -1 + (-6 + -6 - -22).
7
What is 92 + -95 + (0 - -5 - -1)?
3
Evaluate 19 - 1 - 8 - (4 + 0).
6
What is the value of (0 - 4) + (-1 + 15 - 4)?
6
What is the value of 2 + (8 - 3) + -3?
4
What is the value of -10 - -20 - (7 - -1)?
2
Evaluate 4 + -11 + 5 + 1 + 0.
-1
Evaluate 3 + (0 + -3 - -5).
5
Calculate 1 + -1 - (3 + 3 + -9).
3
Evaluate -7 - (-1 + -1 + -2).
-3
What is -3 + 7 + -4 - (-2 - -1)?
1
What is the value of 0 - -3 - (-14 - -23)?
-6
Calculate 15 + -25 + (2 - -5).
-3
Calculate -2 - (0 - (7 + 0)).
5
What is the value of (1 - 1) + (-7 - (10 - 11))?
-6
What is the value of (-3 - -3) + (2 - (1 + 2))?
-1
What is -3 - (-7 + (-3 - -8))?
-1
What is the value of 2 + -2 + -1 + 0?
-1
-1 + 4 - (-32 + 40)
-5
What is the value of 11 - 4 - (6 - 8)?
9
Evaluate 1 + -1 + (-11 + 4 - -9).
2
Evaluate -2 + 0 + (6 - 5) + 1.
0
(3 - 1) + -2 + 0
0
Evaluate -2 + 2 + (2 - 5).
-3
Evaluate -3 + (-10 - -3) + 6.
-4
-4 + 2 + -8 + 9
-1
What is (-12 - (-9 - -1)) + 0?
-4
What is the value of (-2 - 2) + (0 + -4 - -4)?
-4
Calculate -1 + 7 + (-17 - -23 - 8).
4
Calculate -15 - (10 + 3 + -23).
-5
1 + 2 - 7 - 0
-4
What is -3 - 0 - (1 + 3 - 6)?
-1
Calculate 2 + (-9 - -12 - (2 - 1)).
4
(-2 - 0) + 6 + (5 - 14)
-5
What is the value of 2 + (6 + -9 - (1 + 0))?
-2
Evaluate -2 - -8 - (-23 + 29).
0
Calculate 2 + -3 + 55 + -62.
-8
(-4 - (4 - 4)) + (-4 - -8)
0
What is the value of 7 + -1 + (-8 - -6)?
4
Calculate 1 - (5 + -8 + -2 + 6).
0
12 - 3 - 2 - -